ided by (-1*(-74)/8)/(1/4).
34
Let g(l) = l**3 - 16*l**2 - 10*l + 13. Suppose 7*f - 49 - 70 = 0. Calculate the remainder when g(f) is divided by 15.
12
Let w = -30626 - -30758. Let r = 109 + -64. What is the remainder when w is divided by r?
42
Let d be (75/(-20))/((-1)/36). Let r = -1 - -21. What is the remainder when r is divided by d/10 + -6 + 1/2?
4
Suppose 4*u - 2*d = 254, d = 5*u - d - 319. Let o(x) = 335*x - 356. What is the remainder when o(3) is divided by u?
64
Suppose 5*g + 5*x = -15, 0*g - 3*x = -g + 13. Suppose -221*l = -108*l - 2825. What is the remainder when -2 - (-91 + (-2)/g) is divided by l?
16
Suppose -6*z = -7*z + 19. Suppose -8*s + z + 213 = 0. Let c = s - 16. What is the remainder when 88 is divided by c?
10
Suppose -8 = k - 2*c + 337, 3*k = -3*c - 1053. Let g = k - -369. Calculate the remainder when 37 is divided by g.
17
Let l = -42 - -44. Suppose 5*p = -l*k + 88, 3*k + 0*k - 94 = 2*p. Suppose 3*b - k = -3*r + 11, 5*r + 2*b = 87. Calculate the remainder when r is divided by 9.
1
Let w(h) = 326*h + 5. What is the remainder when w(2) is divided by 11?
8
Let o = 3056 - 2925. What is the remainder when o is divided by 30?
11
Let n = 7654 - 7534. Calculate the remainder when n is divided by 19.
6
Let f be 2344/5 - -1*7/35. Let t(i) = -464*i + 3*i**2 - 12 + f*i - i**2. What is the remainder when 57 is divided by t(-6)?
27
Let u = -12381 + 13731. Calculate the remainder when u is divided by 48.
6
Let u(t) = -t**3 - 35*t + 211. What is the remainder when 237 is divided by u(0)?
26
Suppose -11*l + 2840 = 2719. Let c = 106 + -63. What is the remainder when c is divided by l?
10
Let w = 38 - 27. Let m(d) = d**3 + 11*d**2 - 11*d - 92. What is the remainder when m(-10) is divided by w?
8
Let m(w) = -w**2 + 138*w - 2651. What is the remainder when m(30) is divided by 289?
11
Let k(j) = -17*j + 16. Let s(f) = -f**2 + 8*f + 8. Let n be s(10). Let i be k(n). Calculate the remainder when -4 + i/8*2 is divided by 21.
9
Calculate the remainder when 42417 is divided by ((-28)/(-21))/(22/330).
17
Let i(x) be the third derivative of x**6/60 - 3*x**5/20 + x**4/2 - 2*x**3 - 5*x**2 + x. Calculate the remainder when i(6) is divided by 53.
9
Suppose 111*v - 114*v = -168. Suppose n = -2*m + 33, 0*n - 70 = -5*m - 5*n. Suppose 2*g - 5 = m. Calculate the remainder when v is divided by g.
8
Let p = 26304 + -26244. What is the remainder when 1198 is divided by p?
58
Suppose 5*l + r = 4636, 5*r + 14 = 44. Calculate the remainder when l is divided by 34.
8
Let d = -76 - -81. Suppose -2*n + 44 = d*u, 1 + 1 = -u. Suppose -270 = -3*a - 15*a. Calculate the remainder when n is divided by a.
12
Suppose 0 = 89*g + 25*g - 688 + 4. Calculate the remainder when 7623 is divided by g.
3
Suppose 8*r = -y + 4*r + 107, -107 = -y - 5*r. Calculate the remainder when y is divided by 33 + -1 + (-2)/11*-22.
35
Let t = 10174 + -8293. What is the remainder when t is divided by 65?
61
Let s(w) = -6*w + 62. Let p be s(10). Let b(h) = 9*h**3 - 5*h**2 + 14*h - 22. Calculate the remainder when b(p) is divided by 7.
2
Let k(i) = -i**3 - 55*i**2 - 97*i + 582. Calculate the remainder when 473 is divided by k(-53).
53
Suppose -5*q = 2*b + 34 - 144, -3*q - 165 = -3*b. Let t = 70 + -45. Calculate the remainder when b is divided by t.
5
What is the remainder when (((-207)/(-20))/(6/176))/(371/1855) is divided by 253?
0
Let x = -464 + 489. Suppose -27*j + 150 = -24*j. Suppose 0*y + 4*l = y - 56, y - l = j. Calculate the remainder when y is divided by x.
23
Let f be (-31857)/(-1599) - (-1)/13. Let m(d) be the second derivative of -d**4/6 + 7*d**3 - 10*d**2 + 2*d. What is the remainder when 51 is divided by m(f)?
11
Let x(b) = 9*b**2 + 68*b + 125. What is the remainder when 13679 is divided by x(-5)?
9
Suppose 15*y - 48*y + 18480 = 0. Let o = -111 + y. What is the remainder when o is divided by 15?
14
Let u(x) = 25*x**2 + 241*x + 5616. What is the remainder when u(-22) is divided by 46?
40
Let a(d) = 3*d + 143. Let b(c) = -c - 1. Let o be b(-1). Let w be a(o). Suppose -9*l + 20*l - w = 0. What is the remainder when 23 is divided by l?
10
Suppose -456 = -q + 2*w, -5*q - 964*w = -960*w - 2280. Calculate the remainder when q is divided by 3.
0
Suppose 12*q - 16*q = 116. Let u be 7 - q/(-4) - 19/4. Calculate the remainder when 9 is divided by ((-10)/u)/((-9)/(-4) - 2).
1
Suppose -123*a + 8 = -122*a. Suppose -377 = -0*v + 5*v + m, 0 = 2*v - 3*m + 161. What is the remainder when (v/10)/(3/(-15)) is divided by a?
6
Calculate the remainder when 1/2*(-5 - (-538 - 1 - -2)) is divided by 56.
42
Suppose f + 43 = 3*t, t - f = 1 + 10. Let l(k) = k**2 + 11*k - 365. Calculate the remainder when l(-28) is divided by t.
15
What is the remainder when 626 is divided by (-151)/(-8) - ((-1161)/27)/344?
18
Suppose -76*r + 8716 = -43410 - 4798. Calculate the remainder when r is divided by 186.
5
Let w be (-1 - 5 - (21 + -22)) + -5. Calculate the remainder when 51 is divided by (-16)/w + -2 - (-1273)/95.
12
Suppose -2856*t - 582 = -4*q - 2858*t, -q = -t - 150. Calculate the remainder when q is divided by 97.
50
Let n(l) be the second derivative of l**4/12 + l**3 - 9*l**2 - 26*l. Calculate the remainder when 115 is divided by n(-9).
7
What is the remainder when 439 is divided by ((-30)/(-54)*-6)/((-10)/45)?
4
Calculate the remainder when 2352 is divided by 0/4 + (-21 - -19) + 17.
12
Calculate the remainder when 1491 is divided by (324/117)/((-3)/(-52)).
3
Suppose 363 + 1189 = 8*f. What is the remainder when f is divided by 14?
12
Suppose c - 1502 = -x - 5*x, -c - 757 = -3*x. What is the remainder when 3249 is divided by x?
237
Let z = 44 + -25. Let a = 20 - z. Suppose -16*o + 24*o - 8 = 0. What is the remainder when a is divided by o?
0
Let v = 3315 - 3182. What is the remainder when 2923 is divided by v?
130
Let l(i) be the second derivative of -i**5/20 - 5*i**4/4 - 17*i**3/3 + 16*i**2 + 86*i. Calculate the remainder when l(-13) is divided by 6.
4
Let s(m) = 815*m**2 + 33*m + 3. What is the remainder when s(-1) is divided by 87?
2
Calculate the remainder when 141 - (1/(-3) + 3441/333) is divided by 59.
13
Let c = 147 + -144. Suppose 5*x - 2*t - 1191 = 0, x + c*t = -3*x + 962. What is the remainder when x is divided by 8?
7
Let w be ((-3)/(-5 + 2))/(5/2445). Let c = -310 + w. Calculate the remainder when c is divided by 65.
49
Calculate the remainder when 1280 is divided by (-1050)/(-20)*(-2)/(-6)*2.
20
Let j(s) = -8*s + 223. Let x be j(24). Suppose 8*y - 175 + x = 0. Calculate the remainder when y is divided by 8.
2
Suppose 37*k = 33*k - 8. Calculate the remainder when 89 is divided by 1/(-2*(k - 364/(-184))).
20
Let w = 188 - 173. What is the remainder when 4*10/(-8)*(7 - w) is divided by 9?
4
Let b(k) = -k**3 + 17*k**2 + 21*k - 41. Let x be b(18). Suppose -x*s + 100 = -8*s. What is the remainder when 116 is divided by s?
16
Let q be ((-30)/18)/(-2 + 591/297). Suppose -q = -c + 4*c. Let s = c - -68. What is the remainder when 49 is divided by s?
10
Let l(d) = 39*d**2 + 68 + 34*d**2 - 104*d**2 + 30*d**2 - 18*d. Calculate the remainder when (2/(-5))/((-1)/40) is divided by l(-21).
1
Suppose 15*z = 39 + 171. Let t be (-15 + z)/(3/(-6)). What is the remainder when 474/t*(-20)/(-30) is divided by 32?
30
Let j = 67 + -64. Suppose 5*w = j*h - 6, 4*h = 2*h - w + 4. Calculate the remainder when 102 is divided by 548/36 + h/(-9).
12
Suppose 10*q + 81 = 13*q. Let z be (q/4)/((-3)/(-16)). Let u = z + -15. What is the remainder when 61 is divided by u?
19
Let u(j) = -4*j**3 + j**2 + 6*j + 49. Let r(c) = 7*c**3 - 4*c**2 - 12*c - 97. Let p(i) = -3*r(i) - 5*u(i). What is the remainder when 209 is divided by p(8)?
29
Let g(v) = -65*v - 376. What is the remainder when g(-9) is divided by 17?
5
What is the remainder when (525/(-60) + 9)*26580/5 is divided by 33?
9
Let f(o) = 10*o - 183. Let c be f(0). Let w = c + 328. Calculate the remainder when w is divided by 37.
34
Suppose -7*c + 3*c = 0. What is the remainder when ((c - 4) + 9)*15 - 3 is divided by 41?
31
Suppose 62*v - 3920 = -2459 + 5049. Let o = -6 + 10. Suppose o*d = v + 163. Calculate the remainder when d is divided by 35.
32
Let n(a) = -a**3 + 23*a**2 - 15*a - 72. Let m(o) = -o**2 + 20*o - 42. Let c be m(16). What is the remainder when n(c) is divided by 6?
4
Let d(y